Let z be 4/10 + 1*(-14)/35. Suppose z = -3*i - 11*i + 38374. Is i a composite number?
False
Let t(z) = -4*z - 6 - 3*z - 6*z. Let r(g) = g - 9. Let a be r(2). Is t(a) a prime number?
False
Let h(j) = j**2 - 18*j - 25. Let q be h(19). Is (0 - 1542/5)*15/q composite?
True
Let v(q) = -q**2 + 7*q + 11. Let k be v(8). Suppose -k*f + 89 = -10. Let t = f + 88. Is t composite?
True
Let z be (-1 + -41*(-82 + -2))*-1. Let q = -14251 - -9265. Let j = z - q. Is j composite?
False
Let x = -149142 + 300437. Is x a prime number?
False
Let j = -421 - -1196. Suppose 2*x - 4*q = -x + j, -5*x + 1261 = q. Is x composite?
True
Suppose 0 = 14*f - 24*f + 3910. Is f prime?
False
Let s = 382 + 163. Is s a composite number?
True
Suppose v - 2*w - 177 = -0*v, -4*v + 2*w + 678 = 0. Let o = -181 - -81. Let u = v + o. Is u a composite number?
False
Suppose -5*f + f = -y + 58489, 0 = -5*f - 15. Is y a prime number?
True
Let p(n) = -2406*n - 67. Is p(-6) a prime number?
True
Suppose -z = -5*z + 4*c + 15856, 0 = 4*z + 2*c - 15874. Is z a prime number?
True
Let j = 32 + -36. Let x(p) = -8*p**3 - 2*p**2 - 4*p - 9. Is x(j) composite?
False
Suppose h + 0*h - 3*y = 6, h + 8 = -4*y. Suppose 7*s - 16583 = -h*s. Is s a prime number?
False
Suppose 4*d = 12*d. Suppose d = -3*y + 477 + 708. Is y a prime number?
False
Let k(z) = 288*z - 1. Let q be k(5). Let s = q - -527. Suppose 4*c - 646 = s. Is c composite?
False
Is 65787/2*15/(-9)*-2 a composite number?
True
Let u = -1445 + 41047. Is u prime?
False
Let n = 31480 - 16389. Is n a composite number?
False
Suppose -24*x + 9708 = -12*x. Is x a prime number?
True
Suppose o = -4*q - 72, 3*q - 3*o = -2*o - 54. Let p = 18 + q. Is 58 - (-1 + p) - -3 a composite number?
True
Suppose -2*x + 24112 = -o - o, 4*x - 48227 = 5*o. Is x composite?
True
Suppose 2*t - 35790 = -3*t. Suppose -5*q + t = q. Is q prime?
True
Let z(r) = 4647*r**2 - 67*r + 137. Is z(2) a prime number?
False
Let d(x) = -11*x - 5. Let k(v) = 10*v + 5. Let h be ((-1)/2)/((-7)/(-56)). Let m(j) = h*d(j) - 5*k(j). Is m(-2) composite?
False
Let m(h) = -567*h + 123. Is m(-12) a prime number?
False
Let z(x) = x**3 + 2*x**2 - 3*x + 3. Let o be z(-3). Suppose 2*s = -o*s + 4650. Suppose -5*c = -2*q + 385, -5*q + 4*c + s = -75. Is q a prime number?
False
Let g(n) = 4*n - 22. Let k be g(15). Let b = -22 + k. Let t(c) = -c**2 + 23*c + 33. Is t(b) a prime number?
False
Let n = -27 - -41. Let f = n + -11. Suppose -x - 3*z + 38 = 0, -2*x = -7*x - f*z + 178. Is x a prime number?
False
Suppose -2*y - 9 = -7. Let n(w) be the second derivative of -61*w**3/3 + w**2/2 + 3*w. Is n(y) a prime number?
False
Let l(g) = -g**2 - 7*g - 6. Let m be l(-4). Let b(z) = z**2 - 6*z + 3. Let x be b(m). Suppose 4191 = -x*t + 6*t. Is t a prime number?
False
Let g = -895 + 6062. Suppose 5*h = 3*i + 5143, 5*h + 3*i = -0*i + g. Is h a prime number?
True
Suppose 15*l - 17*l + 18 = 0. Let p be (-667)/2 - l/(-6). Let h = p - -473. Is h composite?
True
Is ((-6)/18)/((-101940)/14562 + 7) a prime number?
True
Let w be 2/(-7) - 30/42*57. Let g be (-6)/27 - 1105/9. Let z = w - g. Is z composite?
True
Suppose -5*b = 3*s + 27 - 1, 2*b - 2 = 5*s. Let c(p) = -19*p**3 + 3*p**2 + 4*p + 1. Is c(b) a prime number?
True
Let l(q) be the second derivative of 7*q**5/10 - 2*q**4/3 - 13*q**2/2 + 21*q. Is l(6) prime?
False
Suppose 0 = -k - 2, 3*i - 4*k = -i - 940. Let n = i + 334. Is n prime?
True
Let y = 261 + -498. Let z = -142 - y. Is z a composite number?
True
Let y(q) = -4*q - q - 2*q + 12*q**2 - 5. Let l be y(9). Let s = l + -551. Is s a prime number?
True
Let c = -1933 + 1349. Let w = -861 - c. Let f = w - -544. Is f composite?
True
Let o = -7 + 3. Let q be 2/o + 4067/14. Is q/2 - (1 + -1) a composite number?
True
Is (60 - 20901)*1/(-3) composite?
False
Let w = -139 + -1163. Let v = -679 - w. Is v a composite number?
True
Let r(i) = -i**2 + i. Let n(b) = 1826*b**2 - b + 2. Let m(k) = n(k) + 3*r(k). Is m(-1) composite?
False
Suppose -81 = -k + 2*z, -2*k + z + 174 = -0*k. Is k a prime number?
True
Let s(x) = 3*x**2 - 1. Let l be s(-1). Suppose 2*q - 1 = -5. Is l*652/(-16)*q a prime number?
True
Let q(u) = u**3 + 5*u**2 + 6*u + 5. Let d be -3*1 - (-3)/(-3). Let i be q(d). Is 2/((-6140)/(-2044) + i) composite?
True
Let t(x) be the third derivative of x**6/120 + 2*x**5/15 - x**4/4 + x**3/2 + 13*x**2. Is t(-8) a prime number?
False
Suppose -2*c = -6*c + 8, 268 = 2*f - 5*c. Suppose -8*i - f = -9*i. Is i composite?
False
Let f = -767 + 1640. Let h be f/45 - 2/5. Is (5 - 3) + (h - -2) prime?
True
Let a(z) = z**3 + 14*z**2 - 2*z - 26. Let n be a(-14). Suppose 5*t - 46 = -3*l + 44, -3*t - 79 = -n*l. Is l a prime number?
False
Let z be ((-1)/(-2))/(((-10)/(-612))/5). Let n = 388 + z. Is n prime?
True
Let h(f) = 6*f**3 - 3*f**2 - 24*f + 8. Is h(17) a composite number?
False
Let m = -7235 + 12366. Is m a prime number?
False
Suppose -5*d = 11 - 1. Let k be -4 + 3 - (d - 1). Suppose -4*t - k*f = -242, -4*f - 270 = -5*t - 0*f. Is t prime?
False
Suppose -5*x - 10 = 0, v = 4*v - x - 11. Suppose -13258 = -3*r - 3*s + 4*s, -8857 = -2*r - v*s. Is r a prime number?
True
Let y(o) = o**2 + o. Let s(w) = -4*w**2 - 2*w + 1. Let x(f) = -s(f) + 2*y(f). Is x(-6) composite?
False
Let n = 451 - 902. Let z = 642 + n. Is z a prime number?
True
Let j = 73 + -45. Suppose p + 0 = -5*y + j, 37 = p - 4*y. Is p prime?
False
Let w(y) = -420*y**3 + 8*y**2 + 9*y + 8. Is w(-3) a prime number?
True
Suppose -2*g + 18 = g. Suppose 0 = g*d - 12*d + 16410. Is d composite?
True
Suppose 4*a - a = 9. Let z(v) = 0 - 2*v**2 + 3 - 2 + 2*v - 6*v**a. Is z(-2) composite?
False
Suppose -12 = -4*j - 4*g, 0 = 2*j - 7*j + 2*g + 8. Suppose 0 = -5*d - 2*o, -5*d - 5*o - j = -17. Is (-1)/(0 - d/(-890)) a composite number?
True
Suppose -m = -2*s - 39029, -3*s + 156116 = -6*m + 10*m. Is m prime?
False
Let h be (18 - 22) + 311*-17. Let v = -2040 - h. Is v prime?
True
Suppose 5*l = 6*l. Suppose -d + 10 = g, d - 3*g = -l*d - 6. Is ((-6)/3)/(d/(-381)) a composite number?
False
Suppose -2*q - 2*j = -6288, 2*q + 5*j + 12567 = 6*q. Is q a prime number?
False
Let v(g) = 112*g**2 + 4*g + 2. Let o be v(-5). Let q = -1809 + o. Is q a prime number?
False
Let z(g) = -2*g + 16. Let n be z(-7). Let b = n - -27. Let j = b + -34. Is j a composite number?
False
Let b(j) = -j**3 - 6*j**2 + 6*j - 4. Let y be b(-7). Suppose -v + 156 = y*p - 105, 2*v - 526 = -4*p. Suppose s + 178 = c + c, -s = 3*c - v. Is c composite?
False
Suppose -16 = 4*p - 3*p. Suppose 4*q - 118 = 46. Let u = q + p. Is u prime?
False
Let u = -1618 - -7807. Is u a composite number?
True
Let j = 230744 - 149223. Is j composite?
True
Let p(z) = 64*z + 2. Let r be 9/(-18) + 9/2. Let l be p(r). Suppose -w + 4*s + 279 = 2*w, -3*w = 3*s - l. Is w a prime number?
True
Is 25/15 + (-2080634)/(-87) composite?
False
Let x(j) = j**2 - 4*j - 8. Let k be x(6). Let b be (-1)/8 + (-4 - (-123)/24). Is (49/k)/(b/4) prime?
False
Suppose 0 = 2*u + 4*u - 78534. Suppose -u - 4156 = -5*d. Is d prime?
True
Let o = -672 + 1243. Is o a composite number?
False
Suppose -4*f + 0*s + 34 = -3*s, 5*f = -s + 33. Let t be f + (0 - -1 - 1). Suppose q - t = 99. Is q prime?
False
Let p(w) be the first derivative of -648*w**2 - 3*w + 30. Is p(-1) a prime number?
False
Let u = 7506 - -48289. Is u prime?
False
Let k = 22 - 17. Suppose r - 1834 = -k*z, -4*r - 217 = -5*z + 1622. Let s = z - 249. Is s a prime number?
False
Let z be (-9)/2*6/(-9). Suppose p - 1172 = -z*p. Is p prime?
True
Let k(s) = 1703*s**3 + s + 1. Let n be k(1). Suppose -3*i - 2*i = -n. Is i a prime number?
False
Suppose 0 = d + 4, 4*o + 5*d - 2 = -14. Suppose -b + 2*r - 2003 = -4*b, b - 665 = o*r. Is b a composite number?
True
Suppose 41*g + 63843 = 54*g. Is g a composite number?
True
Suppose b + 2*k - 3 = 1, 5*b - 14 = -4*k. Suppose w = -b*s + 131, 4*w - 5*s = -w + 580. Is w a composite number?
True
Let z(q) = -q + 8. Let t be z(6). Let l(r) = -9 + 3*r**2 - t*r**2 - r**2 - 6*r**2 - 7*r - r**3. Is l(-7) prime?
True
Suppose 0 = 4*g + g - 1750. Suppose 2164 = -176*o + 180*o. Let x = o - g. Is x composite?
False
Suppose 549*n - 538*n = 37763. Is n a composite number?
False
Suppose -929981 = -14*b - 217591. Is b composite?
True
Is 42/(-35)*(-1 + (-66)/4) composite?
True
Let w(s) be the third derivative of -14*s**4/3 + s**3/6 +